{"id":1987,"date":"2017-05-02T19:00:05","date_gmt":"2017-05-02T18:00:05","guid":{"rendered":"https:\/\/natercia.de\/pt\/?post_type=product&#038;p=1987"},"modified":"2017-05-13T14:34:06","modified_gmt":"2017-05-13T13:34:06","slug":"sombras","status":"publish","type":"product","link":"https:\/\/natercia.de\/pt\/produto\/sombras\/","title":{"rendered":"Sombras"},"content":{"rendered":"<p>&nbsp;<\/p>\n<div class='dropshadowboxes-container ' style='width:auto;'>\r\n                            <div class='dropshadowboxes-drop-shadow dropshadowboxes-rounded-corners dropshadowboxes-inside-and-outside-shadow dropshadowboxes-lifted-both dropshadowboxes-effect-default' style=' border: 1px solid #2d2121; height:; background-color:#b3f68c;    '>\r\n                             &#8220; A dualiadade \u00e9 comprovada atrav\u00e9z de quadros &#8220; &#8211; &#8220; Tudo \u00e9 amor em mim &#8220; &#8211; Os dois lados do homem est\u00e3o sempre vivsiveis, tanto em cores como em formas. Formas e cores que se integram por si e entre si e cada uma ligada na uniformidade Divina. O titulo confirma este movimento continuo e uniforme em mim. Eu amo-me \r\n                            <\/div>\r\n                        <\/div>\n<p>&nbsp;<\/p>\n","protected":false},"excerpt":{"rendered":"<p>Em papel a l\u00e1pis de cor<\/p>\n<p>30cmX42cm<\/p>\n","protected":false},"featured_media":1988,"comment_status":"open","ping_status":"closed","template":"","meta":[],"product_brand":[],"product_cat":[67,38,66,69,68],"product_tag":[49,70,71,72],"class_list":{"0":"post-1987","1":"product","2":"type-product","3":"status-publish","4":"has-post-thumbnail","6":"product_cat-a-liberdade-em-mim","7":"product_cat-alegria-de-viver-em-mim","8":"product_cat-eu-amo","9":"product_cat-eu-amo-me","10":"product_cat-om","11":"product_tag-amo-me","12":"product_tag-eu-amo","13":"product_tag-eu-posso","14":"product_tag-eu-sei","15":"product_shipping_class-neutral","17":"first","18":"instock","19":"sold-individually","20":"shipping-taxable","21":"purchasable","22":"product-type-simple"},"_links":{"self":[{"href":"https:\/\/natercia.de\/pt\/wp-json\/wp\/v2\/product\/1987","targetHints":{"allow":["GET"]}}],"collection":[{"href":"https:\/\/natercia.de\/pt\/wp-json\/wp\/v2\/product"}],"about":[{"href":"https:\/\/natercia.de\/pt\/wp-json\/wp\/v2\/types\/product"}],"replies":[{"embeddable":true,"href":"https:\/\/natercia.de\/pt\/wp-json\/wp\/v2\/comments?post=1987"}],"wp:featuredmedia":[{"embeddable":true,"href":"https:\/\/natercia.de\/pt\/wp-json\/wp\/v2\/media\/1988"}],"wp:attachment":[{"href":"https:\/\/natercia.de\/pt\/wp-json\/wp\/v2\/media?parent=1987"}],"wp:term":[{"taxonomy":"product_brand","embeddable":true,"href":"https:\/\/natercia.de\/pt\/wp-json\/wp\/v2\/product_brand?post=1987"},{"taxonomy":"product_cat","embeddable":true,"href":"https:\/\/natercia.de\/pt\/wp-json\/wp\/v2\/product_cat?post=1987"},{"taxonomy":"product_tag","embeddable":true,"href":"https:\/\/natercia.de\/pt\/wp-json\/wp\/v2\/product_tag?post=1987"}],"curies":[{"name":"wp","href":"https:\/\/api.w.org\/{rel}","templated":true}]}}

<p>&nbsp;</p>
<div class='dropshadowboxes-container ' style='width:auto;'>
                            <div class='dropshadowboxes-drop-shadow dropshadowboxes-rounded-corners dropshadowboxes-inside-and-outside-shadow dropshadowboxes-lifted-both dropshadowboxes-effect-default' style=' border: 1px solid #2d2121; height:; background-color:#b3f68c;    '>
                             &#8220; A dualiadade é comprovada atravéz de quadros &#8220; &#8211; &#8220; Tudo é amor em mim &#8220; &#8211; Os dois lados do homem estão sempre vivsiveis, tanto em cores como em formas. Formas e cores que se integram por si e entre si e cada uma ligada na uniformidade Divina. O titulo confirma este movimento continuo e uniforme em mim. Eu amo-me 
                            </div>
                        </div>
<p>&nbsp;</p>

<p>Em papel a lápis de cor</p>
<p>30cmX42cm</p>
