{"id":1741,"date":"2015-11-12T20:17:32","date_gmt":"2015-11-12T19:17:32","guid":{"rendered":"http:\/\/natercia.de\/de\/?post_type=testimonial&#038;p=1741"},"modified":"2015-12-18T22:52:07","modified_gmt":"2015-12-18T21:52:07","slug":"ich-wache-auf-in-dem-was-ich-lebe","status":"publish","type":"testimonial","link":"https:\/\/natercia.de\/de\/testimonial\/ich-wache-auf-in-dem-was-ich-lebe\/","title":{"rendered":"ich wache auf in das was ich lebe"},"content":{"rendered":"<p style=\"text-align: left;\"><a href=\"https:\/\/natercia.de\/pt\/testimonial\/acordo-no-que-vivo\/\"><img loading=\"lazy\" decoding=\"async\" class=\" wp-image-1561 alignright\" src=\"https:\/\/natercia.de\/de\/wp-content\/uploads\/2015\/09\/pt.png\" alt=\"portugu\u00eas\" width=\"41\" height=\"28\" data-id=\"1561\" \/><\/a><\/p>\n<p>&nbsp;<\/p>\n<p style=\"text-align: left;\"><span style=\"color: #00ffff; font-size: 24pt; background-color: #000000; font-family: andale mono,monospace;\">ich liebe mich <\/span><\/p>\n<p>&nbsp;<\/p>\n<h1><span style=\"font-size: 14pt; color: #003366;\">\u00a0in der Freude und Vergn\u00fcgung des Lebens, finde ich mich wieder<\/span><\/h1>\n<h1><span style=\"font-size: 14pt; color: #003366;\">\u00a0und in der Vergn\u00fcgung zu sagen was ich will,<\/span><\/h1>\n<h1><span style=\"font-size: 14pt; color: #003366;\">\u00a0verstecke ich was ich in mir f\u00fchle.<\/span><\/h1>\n<h1><span style=\"font-size: 14pt; color: #003366;\">\u00a0Nachdem ich viele Jahrzehnte am erz\u00e4hlen verbrachte , nur was ich wollte&#8230;<\/span><\/h1>\n<h1><span style=\"font-size: 14pt; color: #003366;\">\u00a0habe ich immer ausgesucht zu sagen das was ich nie f\u00fchle.<\/span><\/h1>\n<h1><span style=\"font-size: 14pt; color: #003366;\">\u00a0Um den Wunsch zu belassen was ich immer stets sein kann.<\/span><\/h1>\n<h1 style=\"text-align: left;\"><span style=\"font-size: 14pt; color: #003366;\">\u00a0Heute f\u00fchle ich mich schluderig! <\/span><\/h1>\n<p>&nbsp;<\/p>\n<p style=\"text-align: left;\"><span style=\"color: #000000; font-size: 12pt; background-color: #000080;\"><strong><span style=\"font-family: andale mono,monospace;\"><span style=\"color: #ffff00;\">\u00a0Und die Unordnung endet hier! <\/span><\/span><\/strong><\/span><\/p>\n<figure id=\"attachment_1699\" class=\"thumbnail wp-caption alignleft\" style=\"width: 150px\"><img loading=\"lazy\" decoding=\"async\" class=\"wp-image-1699 size-thumbnail\" src=\"https:\/\/natercia.de\/de\/wp-content\/uploads\/2015\/10\/Unbenannt3-225x3001-150x150.jpg\" alt=\"Unbenannt3-225x3001\" width=\"150\" height=\"150\" data-id=\"1699\" srcset=\"https:\/\/natercia.de\/de\/wp-content\/uploads\/2015\/10\/Unbenannt3-225x3001-150x150.jpg 150w, https:\/\/natercia.de\/de\/wp-content\/uploads\/2015\/10\/Unbenannt3-225x3001-180x180.jpg 180w\" sizes=\"(max-width: 150px) 100vw, 150px\" \/><figcaption class=\"caption wp-caption-text\"><span style=\"color: #003366;\"><strong>\u00a0 ich lebe!<\/strong><\/span><\/figcaption><\/figure>\n<h1 style=\"text-align: left;\"><span style=\"color: #000080; font-size: 12pt; background-color: #ffff99;\"><em><span style=\"font-family: andale mono,monospace;\">\u00a0Und so lebe ich das was ich mag, <\/span><\/em><\/span><\/h1>\n<h1 style=\"text-align: left;\"><span style=\"color: #000080; font-size: 12pt; background-color: #ffff99;\"><em><span style=\"font-family: andale mono,monospace;\">\u00a0indem ich nie mehr sage: Das werde ich tun!!! <\/span><\/em><\/span><\/h1>\n<h1 style=\"text-align: left;\"><span style=\"color: #000080; font-size: 12pt; background-color: #ffff99;\"><em><span style=\"font-family: andale mono,monospace;\">&#8220; Der sch\u00f6nste Mensch der Welt am malen alles was sie nie sagen\u00a0 \u00a0konnte, was sich in seinen Lebensw\u00fcnschen versteckte!? &#8220; <\/span><\/em><\/span><\/h1>\n<h1>\u00a0<\/h1>\n<h1 style=\"text-align: center;\"><span style=\"font-size: 12pt; background-color: #333333; color: #ff6600; font-family: andale mono,monospace;\"><strong><span style=\"background-color: #800000;\">\u00a0 \u00a0 Gott existiert in mir und ich bin ein Anteil des Universums<\/span><\/strong><\/span><span style=\"font-family: andale mono,monospace;\"><strong><span style=\"color: #993300; font-size: 24pt;\"><span style=\"font-size: 12pt; background-color: #800000; color: #ff6600;\"> der mich begleitet \u00a0 \u00a0\u00a0<\/span><\/span> <\/strong><\/span><\/h1>\n<h1 style=\"text-align: center;\"><span style=\"font-family: andale mono,monospace;\"><strong><span style=\"color: #993300; font-size: 24pt;\"><span style=\"font-family: arial black,sans-serif;\">\u00a7<\/span><\/span><\/strong><\/span><\/h1>\n\n<ul class=\"nav nav-tabs sc_tabs\"><li class=\"active\"><a href=\"#sctab4880\" rel=\"nofollow\"><strong>den Weg der Liebe in mir<\/strong><\/a><\/li>\n<li class=\"\"><a href=\"#sctab4881\" rel=\"nofollow\"><strong>das wach werden  f\u00fcr das Leben in mir<\/strong><\/a><\/li>\n<li class=\"\"><a href=\"#sctab4882\" rel=\"nofollow\"><strong>die Conclusion der Machte in mir<\/strong><\/a><\/li><\/ul> <div class=\"tab-content postclass\"><div class=\"tab-pane clearfix active\" id=\"sctab4880\">\n<p style=\"text-align: center;\"><span style=\"font-family: andale mono,monospace; color: #333333;\">Beim wachwerden gleich fr\u00fch am morgen, wenn ich immer\u00a0 auf dem Bett aufstehe, <\/span><\/p>\n<p style=\"text-align: center;\"><span style=\"font-family: andale mono,monospace; color: #333333;\">wo ich schlief:<\/span><\/p>\n<p style=\"text-align: center;\"><span style=\"font-family: andale mono,monospace; color: #333333;\">in dem was ich tr\u00e4umte, ich kontrolliere und analysiere das was ich <\/span><\/p>\n<p style=\"text-align: center;\"><span style=\"font-family: andale mono,monospace; color: #333333;\">f\u00fchle und f\u00fchlte,<\/span><\/p>\n<p style=\"text-align: center;\"><span style=\"font-family: andale mono,monospace; color: #333333;\">ich assoziiere mit Spa\u00df alles was mir so und so,\u00a0 die Lebensfreude <\/span><\/p>\n<p style=\"text-align: center;\"><span style=\"font-family: andale mono,monospace; color: #333333;\">im tagt\u00e4glichen Leben gibt.<\/span><\/p>\n<p style=\"text-align: center;\"><span style=\"font-family: andale mono,monospace; color: #333333;\">Ich studiere den Wert dessen was ich verstand, <\/span><\/p>\n<p style=\"text-align: center;\"><span style=\"font-family: andale mono,monospace; color: #333333;\">realiziere was mir gut tut,<\/span><\/p>\n<p style=\"text-align: center;\"><span style=\"font-family: andale mono,monospace; color: #333333;\">ich erinnere mich an das was ich nie wollte, <\/span><\/p>\n<p style=\"text-align: center;\"><span style=\"font-family: andale mono,monospace; color: #333333;\">ich h\u00e4ufe das was mir nie sagt zu sein was ich sein kann&#8230;<\/span><\/p>\n<p style=\"text-align: center;\"><span style=\"font-family: andale mono,monospace; color: #333333;\">im kleinsten\u00a0 Inneren meines Wesens<\/span><\/p>\n<p style=\"text-align: center;\"><span style=\"font-family: andale mono,monospace; color: #333333;\">Ich tadle mich&#8230;<\/span><\/p>\n<p style=\"text-align: center;\"><span style=\"font-family: andale mono,monospace; color: #333333;\">Und in der Reue\u00a0 schw\u00f6re ich, dass ich nie wieder <\/span><\/p>\n<p style=\"text-align: center;\"><span style=\"font-family: andale mono,monospace; color: #333333;\">des gleichen tun werde wie\u00a0 ich immer\u00a0 tat,<\/span><\/p>\n<p style=\"text-align: center;\"><span style=\"font-family: andale mono,monospace; color: #333333;\">als sei es des Plichtes von dem was ich immer\u00a0 h\u00e4tte sein soll<\/span><\/p>\n<p style=\"text-align: center;\"><span style=\"font-family: andale mono,monospace; color: #333333;\">!!! Um dann sp\u00e4ter sagen zu k\u00f6nnen das ich nie wieder an mir zweifeln werde !!!<\/span><\/p>\n<p style=\"text-align: center;\"><span style=\"font-family: andale mono,monospace; color: #333333;\">ich verstehe was ich f\u00fchle und\u00a0 wache auf f\u00fcr dessen was ich <\/span><\/p>\n<p style=\"text-align: center;\"><span style=\"font-family: andale mono,monospace; color: #333333;\">in meinem G\u00f6ttlichen Wesen verstehe,<\/span><\/p>\n<p style=\"text-align: center;\"><span style=\"font-family: andale mono,monospace; color: #333333;\">was mich immer verbindet mit der Inneren Liebe die ich immer in mir sp\u00fcrte.<\/span><\/p>\n<p style=\"text-align: center;\">OM<\/p>\n<\/div>\n<div class=\"tab-pane clearfix \" id=\"sctab4881\">\n<p style=\"text-align: center;\"><span style=\"color: #333333;\">In\u00a0 meinem Wesen leben der wissen m\u00f6chte was ich lebe.<\/span><\/p>\n<p style=\"text-align: center;\"><span style=\"color: #333333;\">Ich gelernt zu tr\u00e4umen an dem Tag wo ich geboren bin, um leben zu k\u00f6nnen was ich immer gesp\u00fcrt habe<\/span><\/p>\n<\/div>\n<div class=\"tab-pane clearfix \" id=\"sctab4882\">\n<p style=\"text-align: center;\"><span style=\"font-family: arial black,sans-serif; color: #333333;\">Ich vollende das was ich tr\u00e4umte in dem Leben was ich verachte\u00a0 in dem\u00a0 wissen wo ich\u00a0 mich nie f\u00fchlte.<\/span><\/p>\n<p style=\"text-align: center;\"><span style=\"font-family: arial black,sans-serif; color: #333333;\">F\u00fchlen hei\u00dft Tr\u00e4umen und Leben<\/span><\/p>\n<p style=\"text-align: center;\"><span style=\"font-family: arial black,sans-serif; color: #333333;\">Mich zu f\u00fchlen ist zu wissen was ich sein m\u00f6chte<\/span><\/p>\n<p style=\"text-align: center;\"><span style=\"font-family: arial black,sans-serif; color: #333333;\">F\u00fchlen ist mich bewerten in dem was ich sein m\u00f6chte<\/span><\/p>\n<p style=\"text-align: center;\"><span style=\"font-family: arial black,sans-serif; color: #333333;\">F\u00fchlen ist wissen zu k\u00f6nnen was ich sp\u00fcr in dem was ich am meisnten leben kann<\/span><\/p>\n<p style=\"text-align: center;\"><span style=\"font-family: arial black,sans-serif; color: #333333;\">Ich liebe den Gott den mir das Leben gab in dem G\u00f6tlichen K\u00f6rper dass ich immer getr\u00e4umt habe zu besitzen<\/span><\/p>\n<p style=\"text-align: center;\"><span style=\"font-family: arial black,sans-serif; color: #333333;\">Om Namha Shivaya<\/span><\/p>\n<\/div><\/div>\n <div class=\"row\"> <div class=\"col-md-3  \"> <span style=\"font-size: 10pt; font-family: andale mono,monospace;\">\u00a0 Liebe in mir<\/span><\/p>\n<figure id=\"attachment_1794\" class=\"thumbnail wp-caption alignleft\" style=\"width: 191px\"><a href=\"https:\/\/natercia.de\/de\/wp-content\/uploads\/2015\/11\/erde.jpg\"><img loading=\"lazy\" decoding=\"async\" class=\"wp-image-1794 \" src=\"https:\/\/natercia.de\/de\/wp-content\/uploads\/2015\/11\/erde-150x150.jpg\" alt=\"erde\" width=\"191\" height=\"191\" data-id=\"1794\" \/><\/a><figcaption class=\"caption wp-caption-text\">ich liebe was ich tue<\/figcaption><\/figure>\n<\/div><div class=\"col-md-3  \"> <span style=\"font-size: 10pt; font-family: andale mono,monospace;\">\u00a0\u00a0 Freude am Leben<\/span><\/p>\n<figure id=\"attachment_1743\" class=\"thumbnail wp-caption alignleft\" style=\"width: 191px\"><a href=\"https:\/\/natercia.de\/de\/wp-content\/uploads\/2015\/11\/KY.jpg\"><img loading=\"lazy\" decoding=\"async\" class=\"wp-image-1743\" src=\"https:\/\/natercia.de\/de\/wp-content\/uploads\/2015\/11\/KY-150x150.jpg\" alt=\"K~Y\" width=\"191\" height=\"191\" data-id=\"1743\" srcset=\"https:\/\/natercia.de\/de\/wp-content\/uploads\/2015\/11\/KY-150x150.jpg 150w, https:\/\/natercia.de\/de\/wp-content\/uploads\/2015\/11\/KY-180x180.jpg 180w, https:\/\/natercia.de\/de\/wp-content\/uploads\/2015\/11\/KY-300x300.jpg 300w\" sizes=\"(max-width: 191px) 100vw, 191px\" \/><\/a><figcaption class=\"caption wp-caption-text\">ich h\u00f6re was ich lebe<\/figcaption><\/figure>\n<\/div><div class=\"col-md-3  \"> <span style=\"font-size: 10pt; font-family: andale mono,monospace;\">ich wei\u00df was ich lebe<\/span><\/p>\n<figure id=\"attachment_1796\" class=\"thumbnail wp-caption alignleft\" style=\"width: 191px\"><a href=\"https:\/\/natercia.de\/de\/wp-content\/uploads\/2015\/11\/ye.jpg\"><img loading=\"lazy\" decoding=\"async\" class=\"wp-image-1796 \" src=\"https:\/\/natercia.de\/de\/wp-content\/uploads\/2015\/11\/ye-150x150.jpg\" alt=\"ye\" width=\"191\" height=\"191\" data-id=\"1796\" \/><\/a><figcaption class=\"caption wp-caption-text\">ich liebe was ich gebe<\/figcaption><\/figure>\n<\/div><div class=\"col-md-3  \"> <span style=\"font-size: 10pt; font-family: andale mono,monospace;\">ich liebe was ich bin<\/span><\/p>\n<figure id=\"attachment_1645\" class=\"thumbnail wp-caption alignleft\" style=\"width: 191px\"><a href=\"https:\/\/natercia.de\/de\/wp-content\/uploads\/2014\/06\/orimin.jpg\"><img loading=\"lazy\" decoding=\"async\" class=\"wp-image-1645 \" src=\"https:\/\/natercia.de\/de\/wp-content\/uploads\/2014\/06\/orimin-150x150.jpg\" alt=\"orimin\" width=\"191\" height=\"191\" data-id=\"1645\" \/><\/a><figcaption class=\"caption wp-caption-text\">meine Innere<\/figcaption><\/figure>\n<p>\u00a0 <\/div><\/div>\n","protected":false},"excerpt":{"rendered":"<p>&nbsp; ich liebe mich &nbsp; \u00a0in der Freude und Vergn\u00fcgung des Lebens, finde ich mich wieder \u00a0und in der Vergn\u00fcgung zu sagen was ich will, \u00a0verstecke ich was ich in mir f\u00fchle. \u00a0Nachdem ich viele Jahrzehnte am erz\u00e4hlen verbrachte , nur was ich wollte&#8230; \u00a0habe ich immer ausgesucht zu sagen das was &hellip; <a class=\"kt-excerpt-readmore\" href=\"https:\/\/natercia.de\/de\/testimonial\/ich-wache-auf-in-dem-was-ich-lebe\/\" aria-label=\"ich wache auf in das was ich lebe\">Weiterlesen<\/a><\/p>\n","protected":false},"featured_media":1627,"menu_order":0,"template":"","testimonial-group":[],"_links":{"self":[{"href":"https:\/\/natercia.de\/de\/wp-json\/wp\/v2\/testimonial\/1741"}],"collection":[{"href":"https:\/\/natercia.de\/de\/wp-json\/wp\/v2\/testimonial"}],"about":[{"href":"https:\/\/natercia.de\/de\/wp-json\/wp\/v2\/types\/testimonial"}],"version-history":[{"count":1,"href":"https:\/\/natercia.de\/de\/wp-json\/wp\/v2\/testimonial\/1741\/revisions"}],"predecessor-version":[{"id":1868,"href":"https:\/\/natercia.de\/de\/wp-json\/wp\/v2\/testimonial\/1741\/revisions\/1868"}],"wp:featuredmedia":[{"embeddable":true,"href":"https:\/\/natercia.de\/de\/wp-json\/wp\/v2\/media\/1627"}],"wp:attachment":[{"href":"https:\/\/natercia.de\/de\/wp-json\/wp\/v2\/media?parent=1741"}],"wp:term":[{"taxonomy":"testimonial-group","embeddable":true,"href":"https:\/\/natercia.de\/de\/wp-json\/wp\/v2\/testimonial-group?post=1741"}],"curies":[{"name":"wp","href":"https:\/\/api.w.org\/{rel}","templated":true}]}}

<p style="text-align: left;"><a href="https://natercia.de/pt/testimonial/acordo-no-que-vivo/"><img loading="lazy" decoding="async" class=" wp-image-1561 alignright" src="https://natercia.de/de/wp-content/uploads/2015/09/pt.png" alt="português" width="41" height="28" data-id="1561" /></a></p>
<p>&nbsp;</p>
<p style="text-align: left;"><span style="color: #00ffff; font-size: 24pt; background-color: #000000; font-family: andale mono,monospace;">ich liebe mich </span></p>
<p>&nbsp;</p>
<h1><span style="font-size: 14pt; color: #003366;"> in der Freude und Vergnügung des Lebens, finde ich mich wieder</span></h1>
<h1><span style="font-size: 14pt; color: #003366;"> und in der Vergnügung zu sagen was ich will,</span></h1>
<h1><span style="font-size: 14pt; color: #003366;"> verstecke ich was ich in mir fühle.</span></h1>
<h1><span style="font-size: 14pt; color: #003366;"> Nachdem ich viele Jahrzehnte am erzählen verbrachte , nur was ich wollte&#8230;</span></h1>
<h1><span style="font-size: 14pt; color: #003366;"> habe ich immer ausgesucht zu sagen das was ich nie fühle.</span></h1>
<h1><span style="font-size: 14pt; color: #003366;"> Um den Wunsch zu belassen was ich immer stets sein kann.</span></h1>
<h1 style="text-align: left;"><span style="font-size: 14pt; color: #003366;"> Heute fühle ich mich schluderig! </span></h1>
<p>&nbsp;</p>
<p style="text-align: left;"><span style="color: #000000; font-size: 12pt; background-color: #000080;"><strong><span style="font-family: andale mono,monospace;"><span style="color: #ffff00;"> Und die Unordnung endet hier! </span></span></strong></span></p>
<figure id="attachment_1699" class="thumbnail wp-caption alignleft" style="width: 150px"><img loading="lazy" decoding="async" class="wp-image-1699 size-thumbnail" src="https://natercia.de/de/wp-content/uploads/2015/10/Unbenannt3-225x3001-150x150.jpg" alt="Unbenannt3-225x3001" width="150" height="150" data-id="1699" srcset="https://natercia.de/de/wp-content/uploads/2015/10/Unbenannt3-225x3001-150x150.jpg 150w, https://natercia.de/de/wp-content/uploads/2015/10/Unbenannt3-225x3001-180x180.jpg 180w" sizes="(max-width: 150px) 100vw, 150px" /><figcaption class="caption wp-caption-text"><span style="color: #003366;"><strong>  ich lebe!</strong></span></figcaption></figure>
<h1 style="text-align: left;"><span style="color: #000080; font-size: 12pt; background-color: #ffff99;"><em><span style="font-family: andale mono,monospace;"> Und so lebe ich das was ich mag, </span></em></span></h1>
<h1 style="text-align: left;"><span style="color: #000080; font-size: 12pt; background-color: #ffff99;"><em><span style="font-family: andale mono,monospace;"> indem ich nie mehr sage: Das werde ich tun!!! </span></em></span></h1>
<h1 style="text-align: left;"><span style="color: #000080; font-size: 12pt; background-color: #ffff99;"><em><span style="font-family: andale mono,monospace;">&#8220; Der schönste Mensch der Welt am malen alles was sie nie sagen   konnte, was sich in seinen Lebenswünschen versteckte!? &#8220; </span></em></span></h1>
<h1> </h1>
<h1 style="text-align: center;"><span style="font-size: 12pt; background-color: #333333; color: #ff6600; font-family: andale mono,monospace;"><strong><span style="background-color: #800000;">    Gott existiert in mir und ich bin ein Anteil des Universums</span></strong></span><span style="font-family: andale mono,monospace;"><strong><span style="color: #993300; font-size: 24pt;"><span style="font-size: 12pt; background-color: #800000; color: #ff6600;"> der mich begleitet     </span></span> </strong></span></h1>
<h1 style="text-align: center;"><span style="font-family: andale mono,monospace;"><strong><span style="color: #993300; font-size: 24pt;"><span style="font-family: arial black,sans-serif;">§</span></span></strong></span></h1>

<ul class="nav nav-tabs sc_tabs"><li class="active"><a href="#sctab4880" rel="nofollow"><strong>den Weg der Liebe in mir</strong></a></li>
<li class=""><a href="#sctab4881" rel="nofollow"><strong>das wach werden  für das Leben in mir</strong></a></li>
<li class=""><a href="#sctab4882" rel="nofollow"><strong>die Conclusion der Machte in mir</strong></a></li></ul> <div class="tab-content postclass"><div class="tab-pane clearfix active" id="sctab4880">
<p style="text-align: center;"><span style="font-family: andale mono,monospace; color: #333333;">Beim wachwerden gleich früh am morgen, wenn ich immer  auf dem Bett aufstehe, </span></p>
<p style="text-align: center;"><span style="font-family: andale mono,monospace; color: #333333;">wo ich schlief:</span></p>
<p style="text-align: center;"><span style="font-family: andale mono,monospace; color: #333333;">in dem was ich träumte, ich kontrolliere und analysiere das was ich </span></p>
<p style="text-align: center;"><span style="font-family: andale mono,monospace; color: #333333;">fühle und fühlte,</span></p>
<p style="text-align: center;"><span style="font-family: andale mono,monospace; color: #333333;">ich assoziiere mit Spaß alles was mir so und so,  die Lebensfreude </span></p>
<p style="text-align: center;"><span style="font-family: andale mono,monospace; color: #333333;">im tagtäglichen Leben gibt.</span></p>
<p style="text-align: center;"><span style="font-family: andale mono,monospace; color: #333333;">Ich studiere den Wert dessen was ich verstand, </span></p>
<p style="text-align: center;"><span style="font-family: andale mono,monospace; color: #333333;">realiziere was mir gut tut,</span></p>
<p style="text-align: center;"><span style="font-family: andale mono,monospace; color: #333333;">ich erinnere mich an das was ich nie wollte, </span></p>
<p style="text-align: center;"><span style="font-family: andale mono,monospace; color: #333333;">ich häufe das was mir nie sagt zu sein was ich sein kann&#8230;</span></p>
<p style="text-align: center;"><span style="font-family: andale mono,monospace; color: #333333;">im kleinsten  Inneren meines Wesens</span></p>
<p style="text-align: center;"><span style="font-family: andale mono,monospace; color: #333333;">Ich tadle mich&#8230;</span></p>
<p style="text-align: center;"><span style="font-family: andale mono,monospace; color: #333333;">Und in der Reue  schwöre ich, dass ich nie wieder </span></p>
<p style="text-align: center;"><span style="font-family: andale mono,monospace; color: #333333;">des gleichen tun werde wie  ich immer  tat,</span></p>
<p style="text-align: center;"><span style="font-family: andale mono,monospace; color: #333333;">als sei es des Plichtes von dem was ich immer  hätte sein soll</span></p>
<p style="text-align: center;"><span style="font-family: andale mono,monospace; color: #333333;">!!! Um dann später sagen zu können das ich nie wieder an mir zweifeln werde !!!</span></p>
<p style="text-align: center;"><span style="font-family: andale mono,monospace; color: #333333;">ich verstehe was ich fühle und  wache auf für dessen was ich </span></p>
<p style="text-align: center;"><span style="font-family: andale mono,monospace; color: #333333;">in meinem Göttlichen Wesen verstehe,</span></p>
<p style="text-align: center;"><span style="font-family: andale mono,monospace; color: #333333;">was mich immer verbindet mit der Inneren Liebe die ich immer in mir spürte.</span></p>
<p style="text-align: center;">OM</p>
</div>
<div class="tab-pane clearfix " id="sctab4881">
<p style="text-align: center;"><span style="color: #333333;">In  meinem Wesen leben der wissen möchte was ich lebe.</span></p>
<p style="text-align: center;"><span style="color: #333333;">Ich gelernt zu träumen an dem Tag wo ich geboren bin, um leben zu können was ich immer gespürt habe</span></p>
</div>
<div class="tab-pane clearfix " id="sctab4882">
<p style="text-align: center;"><span style="font-family: arial black,sans-serif; color: #333333;">Ich vollende das was ich träumte in dem Leben was ich verachte  in dem  wissen wo ich  mich nie fühlte.</span></p>
<p style="text-align: center;"><span style="font-family: arial black,sans-serif; color: #333333;">Fühlen heißt Träumen und Leben</span></p>
<p style="text-align: center;"><span style="font-family: arial black,sans-serif; color: #333333;">Mich zu fühlen ist zu wissen was ich sein möchte</span></p>
<p style="text-align: center;"><span style="font-family: arial black,sans-serif; color: #333333;">Fühlen ist mich bewerten in dem was ich sein möchte</span></p>
<p style="text-align: center;"><span style="font-family: arial black,sans-serif; color: #333333;">Fühlen ist wissen zu können was ich spür in dem was ich am meisnten leben kann</span></p>
<p style="text-align: center;"><span style="font-family: arial black,sans-serif; color: #333333;">Ich liebe den Gott den mir das Leben gab in dem Götlichen Körper dass ich immer geträumt habe zu besitzen</span></p>
<p style="text-align: center;"><span style="font-family: arial black,sans-serif; color: #333333;">Om Namha Shivaya</span></p>
</div></div>
 <div class="row"> <div class="col-md-3  "> <span style="font-size: 10pt; font-family: andale mono,monospace;">  Liebe in mir</span></p>
<figure id="attachment_1794" class="thumbnail wp-caption alignleft" style="width: 191px"><a href="https://natercia.de/de/wp-content/uploads/2015/11/erde.jpg"><img loading="lazy" decoding="async" class="wp-image-1794 " src="https://natercia.de/de/wp-content/uploads/2015/11/erde-150x150.jpg" alt="erde" width="191" height="191" data-id="1794" /></a><figcaption class="caption wp-caption-text">ich liebe was ich tue</figcaption></figure>
</div><div class="col-md-3  "> <span style="font-size: 10pt; font-family: andale mono,monospace;">   Freude am Leben</span></p>
<figure id="attachment_1743" class="thumbnail wp-caption alignleft" style="width: 191px"><a href="https://natercia.de/de/wp-content/uploads/2015/11/KY.jpg"><img loading="lazy" decoding="async" class="wp-image-1743" src="https://natercia.de/de/wp-content/uploads/2015/11/KY-150x150.jpg" alt="K~Y" width="191" height="191" data-id="1743" srcset="https://natercia.de/de/wp-content/uploads/2015/11/KY-150x150.jpg 150w, https://natercia.de/de/wp-content/uploads/2015/11/KY-180x180.jpg 180w, https://natercia.de/de/wp-content/uploads/2015/11/KY-300x300.jpg 300w" sizes="(max-width: 191px) 100vw, 191px" /></a><figcaption class="caption wp-caption-text">ich höre was ich lebe</figcaption></figure>
</div><div class="col-md-3  "> <span style="font-size: 10pt; font-family: andale mono,monospace;">ich weiß was ich lebe</span></p>
<figure id="attachment_1796" class="thumbnail wp-caption alignleft" style="width: 191px"><a href="https://natercia.de/de/wp-content/uploads/2015/11/ye.jpg"><img loading="lazy" decoding="async" class="wp-image-1796 " src="https://natercia.de/de/wp-content/uploads/2015/11/ye-150x150.jpg" alt="ye" width="191" height="191" data-id="1796" /></a><figcaption class="caption wp-caption-text">ich liebe was ich gebe</figcaption></figure>
</div><div class="col-md-3  "> <span style="font-size: 10pt; font-family: andale mono,monospace;">ich liebe was ich bin</span></p>
<figure id="attachment_1645" class="thumbnail wp-caption alignleft" style="width: 191px"><a href="https://natercia.de/de/wp-content/uploads/2014/06/orimin.jpg"><img loading="lazy" decoding="async" class="wp-image-1645 " src="https://natercia.de/de/wp-content/uploads/2014/06/orimin-150x150.jpg" alt="orimin" width="191" height="191" data-id="1645" /></a><figcaption class="caption wp-caption-text">meine Innere</figcaption></figure>
<p>  </div></div>

<p>&nbsp; ich liebe mich &nbsp;  in der Freude und Vergnügung des Lebens, finde ich mich wieder  und in der Vergnügung zu sagen was ich will,  verstecke ich was ich in mir fühle.  Nachdem ich viele Jahrzehnte am erzählen verbrachte , nur was ich wollte&#8230;  habe ich immer ausgesucht zu sagen das was &hellip; <a class="kt-excerpt-readmore" href="https://natercia.de/de/testimonial/ich-wache-auf-in-dem-was-ich-lebe/" aria-label="ich wache auf in das was ich lebe">Weiterlesen</a></p>
